f). List the prime factors of p(-11).
5, 13
Let m(t) = -4*t**3 + 34*t**2 - 9*t + 16. Let n be m(8). Suppose k + n = 96. List the prime factors of k.
2, 3
Let k(i) = -9*i + 17. Let v be k(11). Let d = v + 10. Let a = d + 117. List the prime factors of a.
3, 5
Suppose -2*m - 127316 = -3*l, 0 = 7*l + l - 4*m - 339504. List the prime factors of l.
2, 103
Let n(s) = 37*s + 10. Suppose 25 = 4*j + j. Suppose -3*c = -2*c - 2*i - 10, i - j = -2*c. What are the prime factors of n(c)?
2, 79
Let w(i) = i**3 + 7*i**2 + 13*i + 4. Let r be -8*-1*(-1)/2. Let t be w(r). Suppose t = -f + 50 - 13. List the prime factors of f.
37
What are the prime factors of (40/16)/((-2 + -2)/(-16488))?
3, 5, 229
Suppose -k = -2*f + 745, 15*f - 16*f = k + 736. Let x = -205 - k. What are the prime factors of x?
2, 3, 89
Let n = 11599 - 10025. What are the prime factors of n?
2, 787
Let a(s) = -2*s**2 - 24*s + 16. Let f be a(-11). Let y(r) = -r - 3. Let d be y(21). Let v = d + f. List the prime factors of v.
2, 7
Let h(l) = -45 + 9 - 4*l - 4 - 6. Let p be h(0). Let t = -25 - p. What are the prime factors of t?
3, 7
Let o = 93 - 33. Suppose -2*d + o = d. Suppose d = 4*t, -t + 250 = 5*l + t. List the prime factors of l.
2, 3
Suppose 0 = 5*f + 5*j - 61 + 2816, f + 571 = -5*j. Let i = 1047 + f. What are the prime factors of i?
3, 167
Let i(d) = 135*d**3 + 4*d**2 - 36*d + 21. What are the prime factors of i(5)?
2, 1051
Let c = -9048 + 22122. What are the prime factors of c?
2, 3, 2179
Let j be 1 - (-11)/(-13) - (-54655)/65. Suppose 0 = 3*v - 4*n - 513, 5*v - 6*n - j = -4*n. What are the prime factors of v?
167
Let d = -4532 - -11592. Suppose 8*j - 28*j = -d. What are the prime factors of j?
353
Suppose -109*d + 9768 + 752181 = -1324202. List the prime factors of d.
19139
Let x(k) = -16 - 9*k + 7*k - 64 + 19 + 10*k. List the prime factors of x(16).
67
Let u(x) = x**2 + 63*x + 662. List the prime factors of u(-75).
2, 11, 71
Suppose -3*h - 3*u - 164 = -1256, -4*h + 5*u + 1420 = 0. Suppose 0 = -3*t + 3*v + 270, 0*t = 4*t + 4*v - h. Let g = t - -46. What are the prime factors of g?
2, 17
Let s(x) = -292*x + 85. Let z be s(-12). Suppose -23463 + z = -19*i. List the prime factors of i.
2, 523
Let z(s) = -s**3 - 5*s**2 - 9*s - 10. Let p(r) = 12*r**2. Let n be p(2). Suppose -43*w + n*w + 40 = 0. List the prime factors of z(w).
2, 127
Let b(w) = w**2 + 9*w - 6. Suppose 2*d - 60 = 7*d. Let y be b(d). Suppose -y*c + 182 = -28*c. What are the prime factors of c?
7, 13
List the prime factors of (-144130)/(-25) - (-60)/75.
2, 3, 31
Let w(o) = 186*o**2 + o - 2. Suppose -17 = -5*c - 4*v, 2*c + 5*v + 9 - 26 = 0. Let s be w(c). Let b = s - 99. What are the prime factors of b?
2, 43
Let s = 18 - 11. Suppose 3*w = s*w + 204. Let x = 26 - w. What are the prime factors of x?
7, 11
Let l = -13477 + 27315. What are the prime factors of l?
2, 11, 17, 37
Suppose 17 + 4 = 7*w. Let i(s) = 5*s**3 + 9*s**2 + 4*s + 5. Let n(r) = -9*r**3 - 17*r**2 - 9*r - 9. Let j(b) = w*n(b) + 5*i(b). List the prime factors of j(-3).
19
Suppose 0 = 106*x + 69*x + 25*x - 3517200. List the prime factors of x.
2, 3, 977
Let r be 6/2 + 0/15. Suppose -r*p = 5*t - 3824, -3*p - 12 = -7*p. List the prime factors of t.
7, 109
Let j be 0 + 5*4/5. Let t(d) = -d**3 + 3*d**2 - 5*d + 6. Let w be t(j). List the prime factors of 162*((-52)/w - (-8)/(-20)).
2, 3
What are the prime factors of (-216)/(-10)*((-11)/(22/(-405)) + 5)?
2, 3, 83
List the prime factors of ((-480)/(-192))/(2/7340).
5, 367
Let i(k) = k**3 - 3*k**2 - 4*k + 2. Let o be i(4). Suppose 3*r + 153 = -3*q, o*r - 79 = 5*q + 176. Let n = q + 64. List the prime factors of n.
13
Let a = 87 + -45. Let k(f) = -6*f**2 - 8*f + 11 - 10 + a*f**2 - 19. What are the prime factors of k(-2)?
2, 71
Let d = -119 - -124. Suppose -3*v + 4*s = -1258, 0*v + d*v + 2*s - 2062 = 0. List the prime factors of v.
2, 3, 23
Let b be (-24)/(-18) - (-12)/(-9). Suppose 2*o - o + 9 = b. Let z = o - -41. What are the prime factors of z?
2
Suppose -2*k = -5*d + 3*k + 25, d - 2*k - 8 = 0. Suppose -d*p - 21 = p. List the prime factors of p/(-28) - (-441)/12.
37
Let u(w) = 16*w - 17. Let p be 8/36 - 104/(-18). Let y be u(p). Suppose 0 = -l - 0*j + 2*j + 22, -y = -4*l - j. List the prime factors of l.
2, 5
Suppose -3*w - 4*m = -103, 3*w + w = -m + 146. Let r = -35 + w. Suppose 0 = -3*n - r*b + 404, 4*n + 3*b = 6*b + 550. List the prime factors of n.
2, 17
Suppose 89524 = 4*r - 2*a, 4*r = -5*a + 5101 + 84409. List the prime factors of r.
2, 3, 5, 373
Suppose -f + 27 = 3*t + 295, -4*f = -t - 72. Suppose 0 = -182*w - 1251 + 15083. Let p = w - t. List the prime factors of p.
2, 41
Let t(i) = 912*i**2 + 693*i - 4867. What are the prime factors of t(7)?
2, 349
Let a be 2325 - -25 - (4 - 2*-1). What are the prime factors of (-354)/(-236)*a/3?
2, 293
What are the prime factors of 585 + (0 - -6) + 72/(-12)?
3, 5, 13
Let p(i) = 2*i**2 + 11*i + 3. Let n be p(-15). Suppose -n = -2*q - 5*f, 4*q - 639 = 2*f - 15. What are the prime factors of q?
2, 7, 11
Suppose 32*t - 709968 = -52*t. List the prime factors of t.
2, 2113
Suppose 3*j - 10 = -4. Let a(c) = 2*c**2 + 39*c + 89. Let w be a(-17). Suppose q - j*q - 290 = -f, w*q - 1168 = -4*f. List the prime factors of f.
3, 97
Let c(i) = -i**2 - 13*i + 20. Let o be c(-14). What are the prime factors of o + -12 + 6 - -199?
199
Suppose -3*p + 14*p = 880. Let n be 5/(p/140 - (-410)/(-742)). Suppose 36 = q - n. List the prime factors of q.
7, 43
What are the prime factors of (3*(-16948)/(-12))/((-8)/(-16))?
2, 19, 223
Suppose 21763*t + 216440 = 21771*t. What are the prime factors of t?
5, 7, 773
Let n = -178 + 181. Suppose a - 2*a = -4, -n*d + 706 = 4*a. What are the prime factors of d?
2, 5, 23
Let y be 3/54*-4 - 28923/(-27). Suppose 3*q + 3*x - 147 = 924, 3*q = 2*x + y. List the prime factors of q.
3, 7, 17
Let t(x) = -x - 8. Let j = -14 + 7. Let n be t(j). List the prime factors of 3 + n*(-87 + 2).
2, 11
List the prime factors of (2836/(-6))/(14/(-441)).
3, 7, 709
Suppose -570*j - o + 159634 = -565*j, 0 = j + 5*o - 31898. List the prime factors of j.
2, 13, 307
Suppose -5322 = 17*y - 198136. What are the prime factors of y?
2, 53, 107
Let r(s) = 2*s**3 - 12*s**2 - 5*s + 45. Let b be r(9). Suppose -l = -5*y + 797, -2*y - 2*l + b = y. What are the prime factors of y?
2, 5
Let n be (-95424)/(-26) - 30/195. Suppose 3*v = 8*v - 5*r - n, -3*v - 5*r = -2226. What are the prime factors of v?
11, 67
Let m = -2847 + 5060. What are the prime factors of m?
2213
Let t = 22 - 15. Let u = -12 - -41. Suppose -u = t*p - 547. List the prime factors of p.
2, 37
Let n(h) = -1308*h - 5605. What are the prime factors of n(-37)?
7, 6113
Let g(j) = -7*j + 61. Let w be g(6). Suppose -w*m + 3438 = -10*m. List the prime factors of m.
2, 191
Suppose -o - 29 = 2*n - 24, 5 = -2*o + n. List the prime factors of (19 - -8)/o - -1209.
2, 3, 5
Let a(n) be the third derivative of -n**6/40 - n**5/12 + n**4/24 - 2*n**3/3 + 8*n**2 - 3*n. What are the prime factors of a(-4)?
2, 13
Let s(j) = -878*j - 141. What are the prime factors of s(-8)?
6883
Let n be (61/(-122))/(-1 + (-9)/(-10)). Suppose -4*q - 3040 = -n*y, 2*y - q - 870 - 349 = 0. What are the prime factors of y?
2, 3, 17
Let m be -3*(1705/(-15))/11. Let c = 393 - m. List the prime factors of c.
2, 181
Suppose -30*p + 61185 + 662044 = -113381. What are the prime factors of p?
79, 353
Let z(b) = b**3 + 6*b**2 + 8*b + 7. Let t be z(-5). What are the prime factors of t/(-14) + 74595/105?
3, 79
Let m(o) = -o**2 + 9*o + 70. Let r be m(14). Let l(p) = -21*p + 433. What are the prime factors of l(r)?
433
Let d be (-36)/(-66) + (-39)/11. Let z(y) = -17*y**3 - 4*y + 9. List the prime factors of z(d).
2, 3, 5
Let p be 63 - (1 + 11 - (4 - -2)). What are the prime factors of ((-20)/30)/(2/12) + p?
53
Let n(y) = 384*y + 80. Let c be n(5). Suppose 5*g - c = 5*x, -2*g - 2016 = -7*g + x. What are the prime factors of g?
2, 101
Let k be (-1952)/(-128) - 2/8. What are the prime factors of 140/k*(-9360)/(-70)?
2, 3, 13
Let g(j) = -j - 40. Let m be g(-8). Let s = 160 + m. Let b = 240 - s. What are the prime factors of b?
2, 7
Suppose -1257*y + 1139*y = -4793160. List the prime factors of y.
2, 3, 5, 677
Let g be (48/(-18))/((-8)/1044). Let b = g + -244. List the prime factors of (14 + -13